 + 1. Suppose 0 = x*v - 6*v + 4. Suppose 4*j = 3*j + v*a + 17, -4*j = 4*a - 56. List the prime factors of j.
3, 5
Let v(f) = -34*f - 17. Let n be v(-10). Suppose -x + 2*m = -334, 1053 + n = 4*x + 2*m. What are the prime factors of x?
2, 3, 19
Let n be (-5 + -2 + 10)/(9/(-30)). List the prime factors of (-8424)/(-180) - 2/n.
47
Let s = 98 + -71. Suppose -s = -6*w + 69. Suppose a - 10 = w. List the prime factors of a.
2, 13
Suppose 3*l + 11 - 32 = 0. Suppose 2*n + 2*m = l*n - 3150, 3*n = 3*m + 1890. What are the prime factors of n?
2, 3, 5, 7
Suppose 0 = 252*t - 235*t - 425731. What are the prime factors of t?
79, 317
Suppose 246*u - 247*u + 4*c + 33017 = 0, -5*u - 5*c = -165035. What are the prime factors of u?
3, 11003
Let t(i) = i**3 - 7*i**2 - 17*i - 16. Let k be t(9). List the prime factors of 7 + k + (130 - 6).
2, 31
Let x = 254 - 252. Suppose 2*y - 4*a - 34 - 6 = 0, -x = -y - 4*a. List the prime factors of y.
2, 7
Suppose 388*j - 2181937 = 15481375. What are the prime factors of j?
2, 19, 599
Let d(q) = 1013*q**2 - 52*q - 130. What are the prime factors of d(-3)?
41, 223
Suppose -361*s + 681*s = 17025600. What are the prime factors of s?
3, 5, 3547
Let x(g) = -18*g**3 - 44*g - 446. What are the prime factors of x(-9)?
2, 19, 43
Suppose 122 = -3*v - 4*d, -16 = -23*d + 19*d. Let i = v + 116. What are the prime factors of i?
2, 5, 7
Suppose 4*a = 3*z + 39 - 709, 324 = -2*a - 4*z. Suppose -759 = -7*m + 1271. Let p = a + m. What are the prime factors of p?
2, 31
Let o = 542 - 686. List the prime factors of (-5)/(-4) - 34380/o.
2, 3, 5
Let q be (-17 + 12)/(20/104*-2). Let l(d) = 4*d**2 + 22*d - 32. Let r(z) = 5*z**2 + 22*z - 32. Let y(w) = 6*l(w) - 5*r(w). List the prime factors of y(q).
5, 17
Let i = -22190 - -31732. What are the prime factors of i?
2, 13, 367
Let j(q) = 1570*q + 41. List the prime factors of j(10).
3, 11, 53
Suppose -4271 = -5*q + h + 3372, -3*q = -4*h - 4579. What are the prime factors of q?
11, 139
Suppose 18614 = -14*i + 16*i + 2*g, -16 = -4*g. List the prime factors of i.
3, 7, 443
Let c(o) = 4*o**2 + 12*o + 26. Let u be c(-6). Suppose 6*s = 20*s - u. Suppose 0 = -2*f + 2*j + 514, s*j - 1249 = -5*f + 3*j. List the prime factors of f.
11, 23
Suppose 4*i = g - 5336, 109*i = 4*g + 114*i - 21239. What are the prime factors of g?
2, 3, 443
Let t(p) = p**3 - 10*p**2 + 9*p + 15. Let u be t(9). Let i be (-9)/u - (448/20)/(-4). List the prime factors of ((-70)/(-6))/(122/24 - i).
2, 5, 7
Let l = -7196 + 15049. What are the prime factors of l?
7853
Let f(r) = 53381*r**2 + 97*r - 93. What are the prime factors of f(1)?
3, 5, 3559
Let j(k) = k**3 + 2*k**2 - 5*k + 3. Let y be j(4). Let h be 1378/159*36/8*2. Let r = h + y. List the prime factors of r.
157
Suppose 3*f - 22 = -3*m + 233, 3*m + 267 = 3*f. Let g be (-470)/(-4) + 17/(-34). Let k = g - f. List the prime factors of k.
2, 3, 5
Let s be (2 + 10)/((-2)/15). Let g be (96/(-40))/12 - (1452/(-10) + 0). Let z = g + s. List the prime factors of z.
5, 11
Suppose 14*c - 25580 = 16462. Let x = c + -1998. What are the prime factors of x?
3, 5, 67
Let m = -46362 + 93941. What are the prime factors of m?
7, 971
Let h = 11502 - 4265. List the prime factors of h.
7237
Let u(v) = -21*v - 162. Let j be u(-8). Let k(a) = 2*a**2 + a - 5. Let n be k(4). Suppose -j*r - n = -625. What are the prime factors of r?
3, 11
Let d(n) = -4*n + 8. Let g be d(-6). Suppose -12 = 5*c - g. Suppose 3*v + 70 = c*v. What are the prime factors of v?
2, 5, 7
Let f be 32/16 - -4*137. Suppose -i + f = i. List the prime factors of i.
5, 11
Suppose 4*a - 2*h - 427 = -27, -400 = -4*a + 5*h. What are the prime factors of a?
2, 5
Let m be 418/(-57) + 8/6. List the prime factors of (548 + (-60)/12)/(m/(-8)).
2, 181
Let l(b) = b**2 + b - 10. Let p be l(3). Let g be 2/p*5 + -3. List the prime factors of (30 - -6)/(g/4).
2, 3
Let v = -173 - -364. Let s = v - 13. What are the prime factors of s?
2, 89
Let q = 50 + -45. Suppose -q*g - 2975 = -0*l - 4*l, 2*l + g = 1477. Suppose 230 = -5*k + l. What are the prime factors of k?
2, 3, 17
Suppose -k = 22 + 19. Let x = -38 - k. Suppose -x*l + 0*l = -171. List the prime factors of l.
3, 19
Let w = 860 + -857. Suppose -3*c + 1845 + 625 = y, w*y + 2490 = 3*c. What are the prime factors of c?
3, 5, 11
Suppose 2*n - 28*m - 59 = -31*m, -2*n + 5*m = -67. Suppose -x + 821 = -5*o, -842 + n = -x + 3*o. List the prime factors of x.
2, 199
Suppose z = 2*q + 2*q + 3463, -3*q = 3. List the prime factors of z.
3, 1153
Suppose -35*f + 1797013 = -877022. List the prime factors of f.
3, 13, 653
Let c be (-112)/(-12)*(-3552 - (-6 - -3)). What are the prime factors of (-4)/9 + c/(-252)?
131
Suppose -1662 = o + 4*o + 2*q, -3*o + q = 995. Let j = o - -465. List the prime factors of j.
7, 19
Suppose -2*h - h - 14 = 2*z, 12 = -4*h + 4*z. Let t(w) = 8*w - 4. Let q be t(h). Let k = 22 - q. List the prime factors of k.
2, 29
Suppose -357*m + 14574976 = 104*m. What are the prime factors of m?
2, 13, 19
Suppose 0*z - 5*z + c = -117, -2 = c. Suppose 2*x + 29 = z. What are the prime factors of 192/4*x/(-6)*2?
2, 3
Suppose 13*a + 282045 - 474772 = 427880. What are the prime factors of a?
3, 15913
Let t = 74112 - 36499. List the prime factors of t.
29, 1297
Let m(w) be the third derivative of 85*w**4/24 + 2*w**3 + 35*w**2. Let g be m(1). What are the prime factors of -1 - -1*(g - -2)?
2, 7
Suppose 9204360 = -97*i + 306*i. List the prime factors of i.
2, 3, 5, 367
Let s be (-3 - (-10)/(-1))*(-2 + 4). Let c = -21 - s. Suppose -n + 4 = 3, 5*h - 510 = -c*n. What are the prime factors of h?
101
Let f(i) = i**2 + 13*i - 12. Let n be -20 + (-6 + 5 - 12/(-3)). Let b be f(n). Let q = b - 40. List the prime factors of q.
2
Suppose -4*r + 100 = x, -3*x + x + 104 = 4*r. Suppose 4*h - r = 2*p, p = -0*p + 3*h - 14. List the prime factors of (-2)/6 + (p - 778/(-3)).
251
Suppose -23*g + 25*g = -954. Let n = g + 883. What are the prime factors of n?
2, 7, 29
Let z = 7173 - -1551. What are the prime factors of z?
2, 3, 727
Let d be (-1 + 11)*(-4 - -5)/2. Suppose -d*h + 4*b = -2*h - 54, -h = 4*b - 2. List the prime factors of h.
2, 7
Let n = 35288 + -5435. What are the prime factors of n?
3, 31, 107
Suppose -5*r + 85 = -5*p, 5*p - 3 + 68 = r. Let h be p/20 - 54/10. What are the prime factors of (38/h)/(1/(-15))?
5, 19
Let i be -5 + (3/24 - (-3)/(-24)). Let h(x) = 56*x + 19. Let s be h(i). List the prime factors of (s/(-2))/3 - (-4)/(-8).
43
Let d = -831 + 2271. Suppose -4*g - 136 = -d. What are the prime factors of g?
2, 163
Let b = 1083 + -1518. Let h = 1453 + b. List the prime factors of h.
2, 509
Let u(g) = 48*g**2 + 5*g - 4. Let k be u(2). Suppose 0 = 23*m - 25*m + k. Suppose -m = -10*q + 741. What are the prime factors of q?
2, 3, 7
Suppose 11*r = 21 + 1. Suppose 8*w + 0*w - 24 = 0. Suppose -r*s - w*z = -s - 38, -5*s = 4*z - 245. List the prime factors of s.
53
Let y(t) = t**3 - t**2 + 16*t - 10. Let p(b) = b**2 + b. Let l(z) = 2*p(z) + y(z). What are the prime factors of l(7)?
2, 127
Let w(f) = f**3 - 11*f**2 + 15*f + 30. Let t be w(9). Suppose -t*j - 254 = 3*h - 3581, 0 = 3*h + 5*j - 3329. List the prime factors of h.
2, 277
Let j(h) = 14703*h - 496. What are the prime factors of j(1)?
14207
Suppose -3*o + 11 = 4*a - 10, 0 = -o - 5. Suppose a*d - 815 = 1255. List the prime factors of d.
2, 5, 23
Let i(d) be the third derivative of 11*d**6/120 + d**4/24 - d**3/2 + 37*d**2. What are the prime factors of i(3)?
3, 11
Let z(x) = -x**3 + x**2 - 2*x - 3. Let i be z(-2). What are the prime factors of (-14)/(-4)*2 + 52/i?
11
Let j(o) = -o**3 - o**2 - o + 1. Let i be j(-2). Suppose g - i = 1. What are the prime factors of (-2)/g + 2387/28?
5, 17
Let g be 1984/(2/(-11 + 5)*3). Let l = g - -3274. What are the prime factors of l?
2, 3, 5, 43
Suppose 54*q + 52 = 53*q. Let n = -172 - q. Let z = n - -275. What are the prime factors of z?
5, 31
Let d(l) = -48*l**3 + 28*l**2 + 22*l - 36. List the prime factors of d(-9).
2, 3, 11, 17
Suppose -7312 = -12*n + 124424. What are the prime factors of n?
2, 11, 499
Let o = -14 + 30. Suppose 4*l + 600 = o*l. What are the prime factors of 14/4*l - -1?
2, 11
Let z = 10 + 3. Let g(u) = 3*u - 1. Let t be g(3). Let n = z - t. What are the prime factors of n?
5
Suppose -10379*b = -10396*b + 177378. List th